2 - 2*v + 1. Let u be k(a). Suppose 98 = 3*w - u. What is the highest common divisor of w and 6?
6
Let m = 1 + 1. Let i be (-10 - 0 - m)/((-4)/(-6)). Let a be 1066/8 - (i/(-8))/9. What is the greatest common divisor of a and 7?
7
Suppose -3*a = -8*a - 2*i + 881, -2*i = -6. Let t(w) = -7*w - 2. Let h be t(-3). Let n = 51 + h. Calculate the greatest common factor of n and a.
35
Let p(f) = -8 - 49 - 18 + 49*f. Let z be p(4). What is the highest common divisor of z and 22?
11
Suppose 17*d + 83*d - 30*d = 4200. What is the greatest common factor of 9060 and d?
60
Let n be 442222/88 - (-6)/8. What is the greatest common factor of 28 and n?
14
Let n = 551 + -548. Suppose -4*s - 3*w = -45, -s = n*w - 21 + 3. Suppose -b = 4*b - 45. What is the highest common divisor of s and b?
9
Let m be 4/(-18) - 2*856/72. Let w be (m/(-3))/(4/10). What is the greatest common divisor of w and 15?
5
Let y(a) = 11*a - 77. Let i be y(11). Suppose -37*c = -i*c + 7. What is the greatest common factor of 9 and c?
1
Let w be 7*10/105 + 404/6. Suppose 2*g = -4*i + w, 215*g - 2*i - 22 = 214*g. What is the greatest common factor of g and 364?
28
Suppose -30*z - 14*z - 19756 = 0. Let n = z - -619. What is the highest common divisor of n and 40?
10
Let h(b) = 5*b - 39. Let g(d) = 2*d - 27. Let p be g(-12). Let o = p + 61. Let s be h(o). Calculate the greatest common factor of 55 and s.
11
Let m = 143 - 269. Let j = -115 - m. Calculate the highest common factor of 44 and j.
11
Suppose -2*f + x - 4*x + 17 = 0, f - 4*x = -19. Let y = f + -1. Suppose l + 64 - 71 = y. Calculate the greatest common divisor of l and 42.
7
Let r(z) = 22*z**2 + 1 - 18*z - 6 - 23*z**2. Let o be r(-18). Let y be -4 + 3 + (-730)/o. Calculate the greatest common divisor of y and 58.
29
Let l be 127/(9779/(-22)) + (45490/14 - 1). What is the greatest common factor of l and 24?
8
Suppose 3*m + 5*s = -2*m - 25, 4*m - 3*s = 15. Suppose m*c + 2*x = 5*c - 285, -c + 4*x + 39 = 0. What is the highest common factor of c and 767?
59
Let d be ((-250)/(-8))/(21*(-9)/(-2268)). Calculate the greatest common divisor of d and 1950.
75
Let r be 5 - (2 - 4 - -2). Suppose -127 = -r*w + 188. Suppose -6*j = -4*o - j + w, -2*o - 2*j + 18 = 0. Calculate the greatest common factor of 3 and o.
3
Let f = 99 + -97. Suppose 0*c + 5 = -5*c, 3*u = 5*c + 14. What is the greatest common factor of f and u?
1
Let m be (-5)/(-3) + (-5 - 230/(-6)). Suppose -m = -4*g + 25. What is the highest common divisor of g and 60?
15
Let h be (-2 + 1)*(8 - (-80020)/4)*-1. Calculate the greatest common factor of 21 and h.
21
Let p = -30 + 106. Let d(n) = 18*n - 8. Let k be d(11). Calculate the highest common divisor of p and k.
38
Suppose -3*a - 2*v = -4 - 13, 4*a = -v + 31. Let d(g) = -2*g**3 - 2*g**2 + 109*g + 39. Let c be d(-8). What is the highest common factor of c and a?
9
Let h(z) = -z**3 + 31*z**2 + z - 30. Let t be h(31). Let s be 41 + -41 + t*2/1. What is the highest common factor of s and 2?
2
Suppose -m + 1 = 0, 4*m - 5*m + 121 = f. Suppose -4*d + f = 3*s, -d + 0 = -3. Calculate the greatest common factor of 684 and s.
36
Suppose 2*s - 5*h = 178, 0 = -4*s + 4*h - h + 398. What is the greatest common factor of 6968 and s?
104
Let f = -23977 - -34746. What is the greatest common factor of 121 and f?
121
Let n(f) = -1561*f + 467. Let z be n(-1). What is the highest common divisor of 468 and z?
156
Let c(k) = k**2 - 25*k - 834. Let q be c(-23). What is the highest common factor of q and 5724?
54
Let l = 57 - -21. Let k be ((-3)/2)/((l/(-136))/13). Calculate the highest common factor of 2 and k.
2
Let s(v) = v - 4. Let a be s(6). Suppose -5*q - 4*u + 22 = 0, u = 2*q + a*u - 7. Calculate the greatest common factor of 16 and q.
2
Let n(t) = 12*t**2 + 6*t. Let u = 68 + -71. Let z be n(u). Suppose -2*x = -z + 6. Calculate the highest common divisor of 63 and x.
21
Let b = 8069 + -7979. Calculate the highest common divisor of 20 and b.
10
Let q(z) = z**3 + 4*z**2 - 6*z + 2. Let g be q(-5). Let u = 1030 + -1026. Let b(h) = 6*h - 10. Let m be b(u). Calculate the highest common divisor of g and m.
7
Suppose -117*u - 172*u + 908616 = 0. Calculate the highest common factor of u and 24.
24
Suppose i - 3028 = -3*i - 4*g, -5*g = -5*i + 3815. Let j = i + -261. Suppose -5*v + 131 = -j. What is the greatest common factor of 9 and v?
9
Let z(v) = 6*v**2 - 125*v - 671. Let n be z(-5). Suppose 0 = 4*s - 2 - 30. What is the highest common divisor of n and s?
8
Let h be (25/20)/(2/(51 - 3)). Suppose -10 + h = -4*c, 3*w - 2*c = 304. Let l = w - 94. Calculate the greatest common divisor of l and 10.
2
Let y be 8228/170 + 1/((-15)/6). Calculate the greatest common factor of y and 2472.
24
Let j be 1 - (-1 - -5) - (9 - (928 + -43)). Calculate the highest common factor of j and 97.
97
Let o(q) = q**3 - 19*q**2 + 34*q + 20. Let d be o(17). Suppose -d*c + 26 = -334. Calculate the greatest common factor of 171 and c.
9
Suppose -49 = -8*k + 119. Let q(o) = -o**2 - 37*o + 42. Let v be q(-35). What is the greatest common factor of k and v?
7
Suppose 6*i = -4*p + 4*i + 124, -2*p + 70 = 5*i. Calculate the greatest common factor of 21 and p.
3
Let c = -26298 - -31069. What is the greatest common factor of 39 and c?
13
Let s(u) be the third derivative of 7*u**5/60 - 19*u**4/24 - 47*u**3/3 + 83*u**2. Let r be s(-6). Calculate the greatest common divisor of 34 and r.
34
Let p(m) = 9*m**2 - 88*m + 80. Let j be p(10). Calculate the greatest common divisor of 64 and j.
4
Let l be ((-162)/18)/((-1)/(-59) + 0). Let a be (24/36)/(525/l + 1). Calculate the highest common divisor of a and 1239.
59
Let m(t) = 416*t - 4987. Let k be m(12). Let o be -1*(-3 - (-1 - 0)). What is the highest common divisor of o and k?
1
Let c be ((-9)/(-2) - 3)*(-12 + (-55704)/(-36)). Calculate the greatest common factor of 49 and c.
49
Suppose -3*k + 35 = 2*k. Suppose 0 = -2*h - 4*u + 14, 4*u - 7 = 5. Let i be (-2 - (h + -5)) + 26. What is the highest common divisor of i and k?
7
Let y = -4931 + 5279. What is the greatest common factor of y and 609?
87
Let g(h) = -766*h - 4569. Let a be g(-6). Calculate the greatest common divisor of 1 and a.
1
Let u(s) = -22*s + 1286. Let i be u(45). Let c = -83 + 194. What is the greatest common divisor of c and i?
37
Suppose 110*o + 13616 = 265*o - 132*o. Calculate the greatest common factor of o and 16.
16
Suppose 126*c + 3028 = -125*c + 326*c - 3422. Let h be 4900/3 - (-4)/6. What is the greatest common divisor of c and h?
86
Let g(u) = 2*u**3 + 3*u**2 + 2*u - 2. Let b be g(-3). Let j = 89 + b. Suppose -31*m + 108 = -13*m. Calculate the highest common factor of j and m.
6
Suppose -5*z = -10*o + 7*o + 8, -5*o = -3*z - 56. What is the highest common divisor of o and 4336?
16
Suppose -2*y + 3*b + 48 = -b, 0 = 2*y - b - 15. Let d = -3 + 6. Let u(m) = -m**2 + 4*m - 1. Let i be u(d). Calculate the greatest common divisor of i and y.
2
Let j(y) = -y**3 - 21*y**2 - 19*y - 6. Let k be j(-20). Let o = k - -56. Suppose -29*s = -o*s + 8. Calculate the highest common factor of 56 and s.
8
Let j be ((-64)/(-36))/1 - (-4)/18. Suppose -r + 11 = 3*q, 0 = 5*r + j*q - 21 - 99. Calculate the highest common divisor of 26 and r.
26
Let x(h) = h**3 - 4*h**2 - 3*h - 2. Let i be x(5). Suppose -58 = 3*q + 2*t, -q + 3*t + 0 = 1. Let v = i - q. What is the greatest common divisor of v and 12?
12
Suppose 5*j = 9*j + p - 266, -5*j + 4*p = -322. What is the highest common divisor of j and 1089?
33
Suppose 0 = -5*l + 28 + 202. Suppose 29*d + 240 = 41*d. Let u = d + l. What is the highest common divisor of 33 and u?
33
Let w = 25 + -34. Let u be (w - 1)/((-6)/3). Suppose -t = -u*l - 5*t + 716, -3*t = l - 141. What is the highest common divisor of l and 16?
16
Let d be 22 - (-5 + 10 + -13). Calculate the greatest common factor of d and 402.
6
Let t(c) = -c**3 + 3*c**2 + 12*c + 19. Let g be t(5). Suppose g*d = 37*d - 56. Suppose i = -i + 28. What is the highest common factor of d and i?
7
Let s(d) = 2*d + 39. Let w be 6/(-9)*(-342)/(-12). Let a be s(w). Let m = -19 - -22. Calculate the highest common divisor of m and a.
1
Let m = 3579 - 3509. Calculate the highest common factor of m and 1085.
35
Suppose -4*b + 2*v - 68 = 0, 2*b + 25 - 1 = -4*v. Let m be ((-12)/b)/3 + (-235)/(-20). Calculate the greatest com